{"id":2,"date":"2008-07-31T08:56:44","date_gmt":"2008-07-31T12:56:44","guid":{"rendered":""},"modified":"2025-07-14T17:05:41","modified_gmt":"2025-07-14T21:05:41","slug":"a-propos","status":"publish","type":"page","link":"https:\/\/www.fmeat.org\/blog\/a-propos\/","title":{"rendered":"\u00c0 propos"},"content":{"rendered":"<p><span style=\"color: #000000;\"><em><strong>La bouche croche<\/strong><\/em>, c&rsquo;est le blogue du <a style=\"color: #000000;\" href=\"http:\/\/www.fmeat.org\/\">FME<\/a> (et de la Guinguette chez Edmund). Actif <span style=\"text-decoration: underline;\">pas<\/span> \u00e0 l&rsquo;ann\u00e9e longue, surtout \u00e0 l&rsquo;approche du FME et pendant celui-ci, ce blogue \u00a0est une mine d&rsquo;or d&rsquo;anecdotes divertissantes.<\/span><\/p>\n<p><span style=\"color: #000000;\"><strong>Pourquoi ce nom, <em>La<\/em>\u00a0b<em>ouche croche<\/em> ?<\/strong><\/span><br \/>\n<span style=\"color: #000000;\"> C&rsquo;est un hommage au feu fanzine du FME, <em>L&rsquo;oreille cass\u00e9e.\u00a0<\/em><\/span><\/p>\n<p><span style=\"color: #000000;\"><strong>Qui \u00e9crit pour nous<\/strong>?<\/span><br \/>\n<span style=\"color: #000000;\"> Des amis, des b\u00e9n\u00e9voles, des collaborateurs!<\/span><\/p>\n<p><span style=\"color: #000000;\"><strong>Qu&rsquo;est-ce qui se raconte ici?<\/strong><\/span><br \/>\n<span style=\"color: #000000;\"> Le festival dans son ensemble : Des histoires, des photos, des entrevues, des potins, des vid\u00e9os, des conseils&#8230; Tout plein de trucs que les blogueurs ont le temps de croquer sur le vif mais que toi, t&rsquo;as possiblement\u00a0manqu\u00e9.<\/span><\/p>\n<p><span style=\"color: #000000;\"><strong>Comment faire pour nous communiquer avec nous, des fois que \u00e7a vous tenterait d&rsquo;\u00e9crire pour <em>La bouche croche<\/em>?<br \/>\n<\/strong>En nous \u00e9crivant \u00e0 <a href=\"mailto:info@fmeat.org\">info@fmeat.org<\/a>\u00a0<\/span><\/p>\n","protected":false},"excerpt":{"rendered":"<p>La bouche croche, c&rsquo;est le blogue du FME (et de la Guinguette chez Edmund). Actif pas \u00e0 l&rsquo;ann\u00e9e longue, surtout \u00e0 l&rsquo;approche du FME et pendant celui-ci, ce blogue \u00a0est une mine d&rsquo;or d&rsquo;anecdotes divertissantes. Pourquoi ce nom, La\u00a0bouche croche ? C&rsquo;est un hommage au feu fanzine du FME, L&rsquo;oreille cass\u00e9e.\u00a0 Qui \u00e9crit pour nous? &hellip; <a href=\"https:\/\/www.fmeat.org\/blog\/a-propos\/\" class=\"more-link\">Continuer la lecture de <span class=\"screen-reader-text\">\u00c0 propos<\/span> <span class=\"meta-nav\">&rarr;<\/span><\/a><\/p>\n","protected":false},"author":1,"featured_media":0,"parent":0,"menu_order":0,"comment_status":"open","ping_status":"open","template":"","meta":{"footnotes":""},"class_list":["post-2","page","type-page","status-publish","hentry"],"_links":{"self":[{"href":"https:\/\/www.fmeat.org\/blog\/wp-json\/wp\/v2\/pages\/2","targetHints":{"allow":["GET"]}}],"collection":[{"href":"https:\/\/www.fmeat.org\/blog\/wp-json\/wp\/v2\/pages"}],"about":[{"href":"https:\/\/www.fmeat.org\/blog\/wp-json\/wp\/v2\/types\/page"}],"author":[{"embeddable":true,"href":"https:\/\/www.fmeat.org\/blog\/wp-json\/wp\/v2\/users\/1"}],"replies":[{"embeddable":true,"href":"https:\/\/www.fmeat.org\/blog\/wp-json\/wp\/v2\/comments?post=2"}],"version-history":[{"count":13,"href":"https:\/\/www.fmeat.org\/blog\/wp-json\/wp\/v2\/pages\/2\/revisions"}],"predecessor-version":[{"id":5125,"href":"https:\/\/www.fmeat.org\/blog\/wp-json\/wp\/v2\/pages\/2\/revisions\/5125"}],"wp:attachment":[{"href":"https:\/\/www.fmeat.org\/blog\/wp-json\/wp\/v2\/media?parent=2"}],"curies":[{"name":"wp","href":"https:\/\/api.w.org\/{rel}","templated":true}]}}